/(-102). Let g(u) = -u**3 - 2*u**2 - 2*u + 1. Determine g(z).
5
Let s be (-6)/(-7)*(-448)/96. Let z(n) = 0*n + 10645 + 4*n - 10636. Give z(s).
-7
Let j(m) = -9*m - 26 - 14*m + 67*m - 6*m**2 - 35*m + m**3. Calculate j(5).
-6
Let z(a) be the first derivative of -a**5/60 - 11*a**4/24 - 2*a**3/3 - 9*a**2/2 + 4*a + 166. Let l(x) be the second derivative of z(x). What is l(-9)?
14
Let y = -15543 + 15539. Let x(f) be the third derivative of -f**4/24 - 7*f**3/6 - 3*f**2. Give x(y).
-3
Let x = 24 + -13. Let p(k) = -9*k - 33 + 5*k - x*k + 32. Let o be (-4)/(-4) + 2*-1. What is p(o)?
14
Let m(g) be the third derivative of -g**7/210 - g**6/360 + g**5/30 + g**4/8 + 80*g**3/3 + 3*g**2 - 4*g. Let b(l) be the first derivative of m(l). What is b(-2)?
23
Suppose -z + x = -4, 0 = 33*z - 37*z - 5*x + 7. Let u(t) be the first derivative of 21 - z*t - 1/2*t**2. What is u(0)?
-3
Let y(i) = i**3 - 10*i**2 - 23*i - 30. Let m be (-30)/(-115)*(-38 - -84). Give y(m).
-18
Let l(i) = i**3 + 6*i**2 + 2*i + 8. Let r(k) = k**2 + k**2 + 16*k - 5*k**2 - 148 + 122. Let u be r(2). What is l(u)?
-4
Suppose 0 = -47*o + 49*o + 4*j - 6, -3*o - 3*j - 6 = 0. Let u(l) = 5*l**3 + 35*l**2 + l + 7. What is u(o)?
0
Let s(m) be the first derivative of -m**2 - 54*m - 9155. Calculate s(-20).
-14
Let i(g) = g**2 - 6*g - 7. Let r(a) = a**3 + 16*a**2 - 7*a - 65. Let v be r(-16). Suppose -v + 12 = -7*y. What is i(y)?
-12
Suppose 17*y + 37 = -3*c + 19*y, c - y + 12 = 0. Let o(r) = r**3 + 11*r**2 - 26*r + 14. Determine o(c).
14
Let w(s) = -6*s**3 + 2*s**2 - 15*s - 8. Let j(t) = 5*t**3 - t**2 + 15*t + 7. Let x(b) = -7*j(b) - 6*w(b). Determine x(7).
-8
Suppose -5*p = -3*x - 35, 2*x - 5*x - 11 = p. Let i(f) be the first derivative of -2/3*f**3 + 2*f**2 - 5*f - 19. What is i(p)?
-21
Let t(d) = -71*d - 68*d - 85 + 135*d. Let z be t(-20). Let o(a) = -a**3 - 5*a**2 - a + 5. Calculate o(z).
10
Let h be (2/(-4))/(160/320). Let m(q) = 8*q**2 - q - 7. Determine m(h).
2
Let l(x) = 5*x**3 + 5*x**2 - x - 8. Let t(p) be the first derivative of -p**4/4 + p**2/2 + p + 3. Let q(s) = l(s) + 4*t(s). Let c = -22 + 19. Give q(c).
5
Let b(p) = p**3 - 9*p**2 - 8. Let o(k) = 8*k**2 + 168*k + 6. Let q be o(-21). Determine b(q).
-116
Suppose b = 3*c + 27, 5*b + 1575 = -5*c + 1590. Let w(z) = 3*z + 8. Let h(a) = 8*a + 25. Let x(n) = -4*h(n) + 11*w(n). What is x(b)?
-3
Suppose -12*h = -8*h + i - 15, -3*h - 4*i + 21 = 0. Let v(j) = -29*j + h - 4 + 30*j - 1 - 1. Suppose -4*w + 45 = w. Calculate v(w).
6
Let s(l) = -544*l - 548. Let k be s(-1). Let q(f) = -f**3 - f**2 + f - 1. What is q(k)?
43
Let x(u) = -u**2 + 14*u - 30. Suppose 0 = 3*l - 12*i + 10*i - 28, 2*i = -4. Determine x(l).
18
Suppose 5*p = 10*p + 5*b - 95, b = -3*p + 49. Let s(l) = -3309*l - 6 + 3308*l + p. Calculate s(3).
6
Let c = -20 - -30. Let p = -16 + c. Let k(z) = -6*z - 47 - 46 + z**3 + 145 - 50 + 5*z**2. What is k(p)?
2
Let p(m) = m**3 + 14*m**2 + 15*m + 38. Suppose 4*k - 55 = 3*c, -4*c + 6 = -3*k + 70. Give p(c).
12
Let j(g) = 6*g**2 - 4*g + 3. Let a(h) = h**2 - h. Let d(c) = 5*a(c) - j(c). Let y = 2732 - 1651. Let z = y - 1081. Determine d(z).
-3
Let f(a) = 2*a**2 - 8*a + 2. Let n be 5390/(-1309) + (-6)/(-51). Determine f(n).
66
Let f(a) be the second derivative of -a**5/20 + 5*a**4/12 + a**3 - 2*a**2 - 17*a. Let k = 8 + -3. Suppose 23 = 3*r - k*t, 0 = 3*r - 4*r - 4*t + 2. What is f(r)?
-4
Let s(t) = t**2 - 97 + 522*t - 3*t**2 - 1113*t + 560*t. Determine s(-12).
-13
Let x(r) = r + 17. Let i be x(-14). Let d(o) = -34*o**3 + 35*o**i - 2 + o**2 - 8*o**2 + 7*o. Give d(6).
4
Suppose 0 = -a + 3 + 2. Let j(i) be the first derivative of i**2/2 - 8*i - 4112. Give j(a).
-3
Let o(s) = -38*s - 22. Let w(q) = 243*q + 129. Let d(p) = 13*o(p) + 2*w(p). What is d(-6)?
20
Let g(c) = -c**3 + 13*c**2 + 8*c + 5. Let z(v) = v**3 - 12*v**2 - 7*v - 4. Let y(o) = -5*g(o) - 6*z(o). Suppose -17*n + 91 = -4*n. Calculate y(n).
13
Let s(u) = -u - 7. Let l(a) = -a - 8. Suppose -3*q = -0*r - 3*r - 3, 3*r = -q - 7. Let n(j) = r*l(j) + 3*s(j). Determine n(5).
-10
Let u = -23360 + 39433. Let r(l) = -u*l + 16064*l + 4 + l**2 + 2. Calculate r(7).
-8
Let a(k) = -11*k**3 - 127*k**2 + 32*k + 92. Let j(u) = -3*u**3 - 42*u**2 + 9*u + 31. Let c(h) = 2*a(h) - 7*j(h). Calculate c(40).
7
Let h(u) be the first derivative of -u**2/2 + 5*u - 1. Let p(l) = 73*l + 121. Let i be p(-5). Let b be (122/i)/((-1)/10). What is h(b)?
0
Let u(b) = -b**3 + 4*b**2 + 8*b - 13. Let m be u(5). Suppose -6*s + 2 = m. Let t(q) be the third derivative of q**4/24 - 5*q**3/3 - 3*q**2. Determine t(s).
-10
Let s = 1720 + -1717. Let a(z) be the first derivative of 2*z**2 - 8*z - 2. Give a(s).
4
Let p(m) be the third derivative of -m**4/2 + m**3/6 - 105328*m**2. Let h = 0 - -1. Give p(h).
-11
Let k(v) = -3*v - 15. Let t be k(-7). Let q be ((-3)/(-6)*-2)/(t/(-18)). Let a(d) = q + 10 + d**2 + 5*d - 3*d + 10*d. What is a(-11)?
2
Let x(t) = 4*t - 18. Suppose -13*l + 11*l - 4*y = 0, -5*l + 0*y = -2*y. What is x(l)?
-18
Let z = 239 - 182. Let k = 63 - z. Let t(o) = o**3 - 5*o**2 - 7*o + 3. Give t(k).
-3
Let q(v) = -v**3 + v + 18. Let b be 3*((-70)/6)/(-5). Suppose 0 = -14*i + b*i. Determine q(i).
18
Let u be 18410/1052*(-8)/(-10). Let z(m) = 3*m**3 - 44*m**2 + 28*m - 5. Calculate z(u).
-5
Let l(g) = -7*g**2 + 11*g + 3. Let b = 87 - 135. Let w = -42 - b. Let u(n) = 15*n**2 - 23*n - 6. Let x(m) = w*u(m) + 13*l(m). Determine x(6).
-3
Let o(m) = -2*m**2 + 19*m - 28. Let q(r) = r - 1. Let k(z) = -o(z) + 9*q(z). Calculate k(3).
7
Let m(a) = a**2 + 15*a - 36. Suppose j = g - 24, -190*j - 87 = -186*j - g. Calculate m(j).
90
Let z(x) = -4*x. Let m = -105 - -107. Suppose -5*u = 2*w + w - 3, 4*u - m = -2*w. Give z(w).
-4
Let b(v) = 38*v - 15. Let z = 13585 + -13588. Determine b(z).
-129
Let a(o) = -3*o**3 + 34*o**2 - 25*o - 40. Let p(l) = -5*l**3 + 53*l**2 - 38*l - 60. Let z(x) = -8*a(x) + 5*p(x). Give z(-8).
4
Let i(u) be the third derivative of u**5/60 + u**4/3 - 17999*u**2. Let l = 0 - 7. Give i(l).
-7
Let w(a) be the second derivative of a**7/840 - a**6/72 + 7*a**4/24 - a**3/6 - 3*a**2/2 - 6*a - 4. Let t(f) be the second derivative of w(f). Determine t(5).
7
Let z(i) = i**3 - 4*i**2 - 10*i + 24. Let a(m) = -m**3 + 11*m**2 - 5*m + 60. Let r be a(11). What is z(r)?
-1
Let n(r) be the second derivative of -r**6/720 + 17*r**5/120 - 145*r**4/6 + 48*r. Let y(p) be the third derivative of n(p). Calculate y(15).
2
Let k = 21649 + -21654. Let b(r) = -10*r - 59. What is b(k)?
-9
Suppose 3*g + 34 = -5*t, -2*t = -5*g - 0*t - 67. Let h(j) be the third derivative of j**5/60 + 7*j**4/12 - 2*j**3/3 + 360*j**2. What is h(g)?
-17
Let q(c) = -2*c - 7. Suppose -5*n = 2*p - 10, 6*p + 3*n + 3 = 3*p. Let x be -15*(30/9)/p. Suppose 2*l + 16 = -j, 5*l + 0*l - 5*j = -x. Calculate q(l).
5
Let c(o) = -o + 14. Suppose -4*r = -5*t + 21, -3*r + 3*t - 8*t - 42 = 0. Let d be (-135)/r - 6/3. Determine c(d).
1
Let p = -864 - -869. Let n(h) = 7*h - 46. Give n(p).
-11
Let a(w) = w - 22*w**2 - w**3 - 6 - 4 + 15 + 13. Let p be a(-22). Let x(r) = -r - 4. What is x(p)?
0
Let h(p) = 2*p**2 - p. Let f be -97 - 6/(2 - 0). Suppose -8*z + 304 + 504 = 0. Let g = z + f. Determine h(g).
1
Let o(l) = -2*l - 1. Let d be (-2)/(((-8)/(-22))/4). Let j = -21 - d. What is o(j)?
-3
Let i be (0 - 0)/(-3 + 3 - -2). Suppose 4*o + 51 - 51 = i. Let z(w) = 2*w - 2. Determine z(o).
-2
Let v = 76 - 72. Suppose 0 = -w - 4*t - 16, 31 - 3 = 2*w - v*t. Let q(i) = -i**3 + 2*i**2 + 10*i - 10. What is q(w)?
-2
Let j(b) = b**3 + 8*b**2 + 10*b - 15. Let q be j(-6). Let h(i) = -5*i**2 - 18*i - 9. Give h(q).
0
Let c(d) = -d**2 + 9*d - 8. Let w(y) = -y**3 - 20*y**2 + 47*y + 65. Let g be w(-22). Let r be -17 + 25 - (-3)/g. What is c(r)?
12
Suppose 2*h + 103 = 107. Suppose 19 - 9 = h*y. Let c(l) = 0*l - l + 2 + y*l + l. What is c(-3)?
-13
Let k(v) be the first derivative of -v**3/3 + 5*v**2/2 - 33*v + 2679. What is k(14)?
-159
Let y(g) be the second derivative of -g**4/12 + 7*g**3/3 - 51*g**2/2 + 96*g - 2. Calculate y(12).
-27
Let q(m) be the first derivative of -m**4/12 + m**3/3 - m**2/2 + 133*m + 57. Let j(f) be the first derivative of q(f). What is j(-4)?
-25
Let i be 12 - 7 - (1 - 0). Let f(y) = -i + 4 + 0 + 1 - 3*y. Determine f(2).
-5
Let g(c) = -c**3 - 7*c**2 + 9. Let t be 5 + (2/6*0)/2. Suppose 3*k + 7 = -5*u -